{"id":1175,"date":"2023-05-31T08:29:31","date_gmt":"2023-05-31T08:29:31","guid":{"rendered":"https:\/\/scandiumliving.ee\/tinymarienholm\/?page_id=1175"},"modified":"2024-10-18T08:45:33","modified_gmt":"2024-10-18T08:45:33","slug":"marienholmi-elamukvartal","status":"publish","type":"page","link":"https:\/\/scandiumliving.ee\/tinymarienholm\/marienholmi-elamukvartal\/","title":{"rendered":"Marienholmi elamukvartal"},"content":{"rendered":"\n<div class=\"wp-block-cover alignfull is-light\" style=\"min-height:428px;aspect-ratio:unset;\"><span aria-hidden=\"true\" class=\"wp-block-cover__background has-black-background-color has-background-dim-0 has-background-dim\"><\/span><img loading=\"lazy\" decoding=\"async\" width=\"2560\" height=\"1440\" class=\"wp-block-cover__image-background wp-image-2380\" alt=\"\" src=\"https:\/\/scandiumliving.ee\/tinymarienholm\/wp-content\/uploads\/2024\/07\/marienholm-haapsalu-arhitektuur-scandium-kinnisvara-4-scaled.jpg\" style=\"object-position:52% 60%\" data-object-fit=\"cover\" data-object-position=\"52% 60%\" srcset=\"https:\/\/scandiumliving.ee\/tinymarienholm\/wp-content\/uploads\/2024\/07\/marienholm-haapsalu-arhitektuur-scandium-kinnisvara-4-scaled.jpg 2560w, https:\/\/scandiumliving.ee\/tinymarienholm\/wp-content\/uploads\/2024\/07\/marienholm-haapsalu-arhitektuur-scandium-kinnisvara-4-300x169.jpg 300w, https:\/\/scandiumliving.ee\/tinymarienholm\/wp-content\/uploads\/2024\/07\/marienholm-haapsalu-arhitektuur-scandium-kinnisvara-4-1024x576.jpg 1024w, https:\/\/scandiumliving.ee\/tinymarienholm\/wp-content\/uploads\/2024\/07\/marienholm-haapsalu-arhitektuur-scandium-kinnisvara-4-768x432.jpg 768w, https:\/\/scandiumliving.ee\/tinymarienholm\/wp-content\/uploads\/2024\/07\/marienholm-haapsalu-arhitektuur-scandium-kinnisvara-4-1536x864.jpg 1536w, https:\/\/scandiumliving.ee\/tinymarienholm\/wp-content\/uploads\/2024\/07\/marienholm-haapsalu-arhitektuur-scandium-kinnisvara-4-2048x1152.jpg 2048w, https:\/\/scandiumliving.ee\/tinymarienholm\/wp-content\/uploads\/2024\/07\/marienholm-haapsalu-arhitektuur-scandium-kinnisvara-4-1568x882.jpg 1568w\" sizes=\"auto, (max-width: 2560px) 100vw, 2560px\" \/><div class=\"wp-block-cover__inner-container is-layout-flow wp-block-cover-is-layout-flow\">\n<p class=\"has-text-align-center has-large-font-size\"><\/p>\n<\/div><\/div>\n\n\n\n<h2 class=\"wp-block-heading has-text-align-center has-large-font-size\" style=\"font-style:normal;font-weight:300;letter-spacing:1px\">Marienholmi elamukvartal<\/h2>\n\n\n\n<p style=\"font-size:17px\">Marienholmi elamukvartal on Haapsalu l\u00e4bi aegade suurim arendusprojekt, kus pikalt suletud olnud piirkond saab \u00fchtse kauni arhitektuurse n\u00e4o ja eesm\u00e4rgi. L\u00e4hiaastatel kerkivad siia kaasaaegse arhitektuuriga madalad majad, mis l\u00e4bi maastikuarhitektuuri on merelainete eest kaitstud. Siit avanevad rikkalikud laguunivaated, mis on taustaks m\u00f5nusalt rahulikule elutempole, mida Haapsalu on pakkumas. Avarad klaasterrassid ja verandad lasevad \u00fcbritseva looduse otse tuppa, pakkudes samas varjestust tuulte eest. Elegantse sisearhitektuuriga A-energiaklassi kodude autorid on Eesti tippude-tipud: 3+1 Arhitektid, KAMP Sisearhitektid, Tajuruum Maastikuarhitektid. Kontseptsiooni looja ja kogu poolsaare arendaja on Scandium Kinnisvara.<\/p>\n\n\n\n<p style=\"font-size:17px\">Kui Tiny Marienholmis peatudes tekkis hinge tunne, et selline puhkusep\u00e4evade argip\u00e4ev v\u00e4lja n\u00e4ha v\u00f5ikski, siis siin on v\u00f5imalus! <strong>Korterid on m\u00fc\u00fcgis<\/strong> ja majad on ehituses. Esimesed majad valmivad 2025. kevadel.<\/p>\n\n\n\n<div class=\"wp-block-buttons is-content-justification-center is-layout-flex wp-container-core-buttons-is-layout-a89b3969 wp-block-buttons-is-layout-flex\">\n<div class=\"wp-block-button\"><a class=\"wp-block-button__link wp-element-button\" href=\"https:\/\/scandium.ee\/marienholm\/\" target=\"_blank\" rel=\"noreferrer noopener\">VAATA VEEL<\/a><\/div>\n<\/div>\n\n\n\n<figure class=\"wp-block-gallery has-nested-images columns-default is-cropped wp-block-gallery-1 is-layout-flex wp-block-gallery-is-layout-flex\">\n<figure class=\"wp-block-image size-large\"><a href=\"https:\/\/scandiumliving.ee\/tinymarienholm\/wp-content\/uploads\/2024\/07\/marienholm-haapsalu-arhitektuur-scandium-kinnisvara-3-scaled.jpg\"><img loading=\"lazy\" decoding=\"async\" width=\"1024\" height=\"576\" data-id=\"2411\" src=\"https:\/\/scandiumliving.ee\/tinymarienholm\/wp-content\/uploads\/2024\/07\/marienholm-haapsalu-arhitektuur-scandium-kinnisvara-3-1024x576.jpg\" alt=\"\" class=\"wp-image-2411\" srcset=\"https:\/\/scandiumliving.ee\/tinymarienholm\/wp-content\/uploads\/2024\/07\/marienholm-haapsalu-arhitektuur-scandium-kinnisvara-3-1024x576.jpg 1024w, https:\/\/scandiumliving.ee\/tinymarienholm\/wp-content\/uploads\/2024\/07\/marienholm-haapsalu-arhitektuur-scandium-kinnisvara-3-300x169.jpg 300w, https:\/\/scandiumliving.ee\/tinymarienholm\/wp-content\/uploads\/2024\/07\/marienholm-haapsalu-arhitektuur-scandium-kinnisvara-3-768x432.jpg 768w, https:\/\/scandiumliving.ee\/tinymarienholm\/wp-content\/uploads\/2024\/07\/marienholm-haapsalu-arhitektuur-scandium-kinnisvara-3-1536x864.jpg 1536w, https:\/\/scandiumliving.ee\/tinymarienholm\/wp-content\/uploads\/2024\/07\/marienholm-haapsalu-arhitektuur-scandium-kinnisvara-3-2048x1152.jpg 2048w, https:\/\/scandiumliving.ee\/tinymarienholm\/wp-content\/uploads\/2024\/07\/marienholm-haapsalu-arhitektuur-scandium-kinnisvara-3-1568x882.jpg 1568w\" sizes=\"auto, (max-width: 1024px) 100vw, 1024px\" \/><\/a><\/figure>\n\n\n\n<figure class=\"wp-block-image size-large\"><a href=\"https:\/\/scandiumliving.ee\/tinymarienholm\/wp-content\/uploads\/2024\/07\/marienholm-haapsalu-arhitektuur-scandium-kinnisvara-5-1-scaled.jpg\"><img loading=\"lazy\" decoding=\"async\" width=\"1024\" height=\"576\" data-id=\"2415\" src=\"https:\/\/scandiumliving.ee\/tinymarienholm\/wp-content\/uploads\/2024\/07\/marienholm-haapsalu-arhitektuur-scandium-kinnisvara-5-1-1024x576.jpg\" alt=\"\" class=\"wp-image-2415\" srcset=\"https:\/\/scandiumliving.ee\/tinymarienholm\/wp-content\/uploads\/2024\/07\/marienholm-haapsalu-arhitektuur-scandium-kinnisvara-5-1-1024x576.jpg 1024w, https:\/\/scandiumliving.ee\/tinymarienholm\/wp-content\/uploads\/2024\/07\/marienholm-haapsalu-arhitektuur-scandium-kinnisvara-5-1-300x169.jpg 300w, https:\/\/scandiumliving.ee\/tinymarienholm\/wp-content\/uploads\/2024\/07\/marienholm-haapsalu-arhitektuur-scandium-kinnisvara-5-1-768x432.jpg 768w, https:\/\/scandiumliving.ee\/tinymarienholm\/wp-content\/uploads\/2024\/07\/marienholm-haapsalu-arhitektuur-scandium-kinnisvara-5-1-1536x864.jpg 1536w, https:\/\/scandiumliving.ee\/tinymarienholm\/wp-content\/uploads\/2024\/07\/marienholm-haapsalu-arhitektuur-scandium-kinnisvara-5-1-2048x1152.jpg 2048w, https:\/\/scandiumliving.ee\/tinymarienholm\/wp-content\/uploads\/2024\/07\/marienholm-haapsalu-arhitektuur-scandium-kinnisvara-5-1-1568x882.jpg 1568w\" sizes=\"auto, (max-width: 1024px) 100vw, 1024px\" \/><\/a><\/figure>\n\n\n\n<figure class=\"wp-block-image size-large\"><a href=\"https:\/\/scandiumliving.ee\/tinymarienholm\/wp-content\/uploads\/2024\/07\/marienholm-haapsalu-arhitektuur-scandium-kinnisvara-1-scaled.jpg\"><img loading=\"lazy\" decoding=\"async\" width=\"1024\" height=\"576\" data-id=\"2409\" src=\"https:\/\/scandiumliving.ee\/tinymarienholm\/wp-content\/uploads\/2024\/07\/marienholm-haapsalu-arhitektuur-scandium-kinnisvara-1-1024x576.jpg\" alt=\"\" class=\"wp-image-2409\" srcset=\"https:\/\/scandiumliving.ee\/tinymarienholm\/wp-content\/uploads\/2024\/07\/marienholm-haapsalu-arhitektuur-scandium-kinnisvara-1-1024x576.jpg 1024w, https:\/\/scandiumliving.ee\/tinymarienholm\/wp-content\/uploads\/2024\/07\/marienholm-haapsalu-arhitektuur-scandium-kinnisvara-1-300x169.jpg 300w, https:\/\/scandiumliving.ee\/tinymarienholm\/wp-content\/uploads\/2024\/07\/marienholm-haapsalu-arhitektuur-scandium-kinnisvara-1-768x432.jpg 768w, https:\/\/scandiumliving.ee\/tinymarienholm\/wp-content\/uploads\/2024\/07\/marienholm-haapsalu-arhitektuur-scandium-kinnisvara-1-1536x864.jpg 1536w, https:\/\/scandiumliving.ee\/tinymarienholm\/wp-content\/uploads\/2024\/07\/marienholm-haapsalu-arhitektuur-scandium-kinnisvara-1-2048x1152.jpg 2048w, https:\/\/scandiumliving.ee\/tinymarienholm\/wp-content\/uploads\/2024\/07\/marienholm-haapsalu-arhitektuur-scandium-kinnisvara-1-1568x882.jpg 1568w\" sizes=\"auto, (max-width: 1024px) 100vw, 1024px\" \/><\/a><\/figure>\n\n\n\n<figure class=\"wp-block-image size-large\"><a href=\"https:\/\/scandiumliving.ee\/tinymarienholm\/wp-content\/uploads\/2024\/07\/marienholm-poolsaar-haapsalu-scandium-min.png\"><img loading=\"lazy\" decoding=\"async\" width=\"1024\" height=\"576\" data-id=\"2417\" src=\"https:\/\/scandiumliving.ee\/tinymarienholm\/wp-content\/uploads\/2024\/07\/marienholm-poolsaar-haapsalu-scandium-min-1024x576.png\" alt=\"\" class=\"wp-image-2417\" srcset=\"https:\/\/scandiumliving.ee\/tinymarienholm\/wp-content\/uploads\/2024\/07\/marienholm-poolsaar-haapsalu-scandium-min-1024x576.png 1024w, https:\/\/scandiumliving.ee\/tinymarienholm\/wp-content\/uploads\/2024\/07\/marienholm-poolsaar-haapsalu-scandium-min-300x169.png 300w, https:\/\/scandiumliving.ee\/tinymarienholm\/wp-content\/uploads\/2024\/07\/marienholm-poolsaar-haapsalu-scandium-min-768x432.png 768w, https:\/\/scandiumliving.ee\/tinymarienholm\/wp-content\/uploads\/2024\/07\/marienholm-poolsaar-haapsalu-scandium-min-1536x864.png 1536w, https:\/\/scandiumliving.ee\/tinymarienholm\/wp-content\/uploads\/2024\/07\/marienholm-poolsaar-haapsalu-scandium-min-2048x1152.png 2048w, https:\/\/scandiumliving.ee\/tinymarienholm\/wp-content\/uploads\/2024\/07\/marienholm-poolsaar-haapsalu-scandium-min-1568x882.png 1568w\" sizes=\"auto, (max-width: 1024px) 100vw, 1024px\" \/><\/a><\/figure>\n\n\n\n<figure class=\"wp-block-image size-large\"><a href=\"https:\/\/scandiumliving.ee\/tinymarienholm\/wp-content\/uploads\/2023\/08\/marienholmi-elamukvartal-haapsalu-scandium-kinnisvara-6-scaled.jpg\"><img loading=\"lazy\" decoding=\"async\" width=\"1024\" height=\"576\" data-id=\"1607\" src=\"https:\/\/scandiumliving.ee\/tinymarienholm\/wp-content\/uploads\/2023\/08\/marienholmi-elamukvartal-haapsalu-scandium-kinnisvara-6-1024x576.jpg\" alt=\"\" class=\"wp-image-1607\" srcset=\"https:\/\/scandiumliving.ee\/tinymarienholm\/wp-content\/uploads\/2023\/08\/marienholmi-elamukvartal-haapsalu-scandium-kinnisvara-6-1024x576.jpg 1024w, https:\/\/scandiumliving.ee\/tinymarienholm\/wp-content\/uploads\/2023\/08\/marienholmi-elamukvartal-haapsalu-scandium-kinnisvara-6-300x169.jpg 300w, https:\/\/scandiumliving.ee\/tinymarienholm\/wp-content\/uploads\/2023\/08\/marienholmi-elamukvartal-haapsalu-scandium-kinnisvara-6-768x432.jpg 768w, https:\/\/scandiumliving.ee\/tinymarienholm\/wp-content\/uploads\/2023\/08\/marienholmi-elamukvartal-haapsalu-scandium-kinnisvara-6-1536x864.jpg 1536w, https:\/\/scandiumliving.ee\/tinymarienholm\/wp-content\/uploads\/2023\/08\/marienholmi-elamukvartal-haapsalu-scandium-kinnisvara-6-2048x1152.jpg 2048w, https:\/\/scandiumliving.ee\/tinymarienholm\/wp-content\/uploads\/2023\/08\/marienholmi-elamukvartal-haapsalu-scandium-kinnisvara-6-1568x882.jpg 1568w\" sizes=\"auto, (max-width: 1024px) 100vw, 1024px\" \/><\/a><\/figure>\n<\/figure>\n","protected":false},"excerpt":{"rendered":"<p>Marienholmi elamukvartal Marienholmi elamukvartal on Haapsalu l\u00e4bi aegade suurim arendusprojekt, kus pikalt suletud olnud piirkond saab \u00fchtse kauni arhitektuurse n\u00e4o ja eesm\u00e4rgi. L\u00e4hiaastatel kerkivad siia kaasaaegse arhitektuuriga madalad majad, mis l\u00e4bi maastikuarhitektuuri on merelainete eest kaitstud. Siit avanevad rikkalikud laguunivaated, mis on taustaks m\u00f5nusalt rahulikule elutempole, mida Haapsalu on pakkumas. Avarad klaasterrassid ja verandad lasevad [&hellip;]<\/p>\n","protected":false},"author":3,"featured_media":0,"parent":0,"menu_order":0,"comment_status":"closed","ping_status":"closed","template":"","meta":{"inline_featured_image":false,"footnotes":""},"class_list":["post-1175","page","type-page","status-publish","hentry"],"yoast_head":"<!-- This site is optimized with the Yoast SEO plugin v27.4 - https:\/\/yoast.com\/product\/yoast-seo-wordpress\/ -->\n<title>Marienholmi elamukvartal<\/title>\n<meta name=\"description\" content=\"Marienholmi poolsaarele kerkib juba l\u00e4hitulevikus kaasaaegse arhitektuuriga elamukvartal. Avarad r\u00f5dud ja kaunid vaated avanevad otse merele.\" \/>\n<meta name=\"robots\" content=\"index, follow, max-snippet:-1, max-image-preview:large, max-video-preview:-1\" \/>\n<link rel=\"canonical\" href=\"https:\/\/scandiumliving.ee\/tinymarienholm\/marienholmi-elamukvartal\/\" \/>\n<meta property=\"og:locale\" content=\"et_EE\" \/>\n<meta property=\"og:type\" content=\"article\" \/>\n<meta property=\"og:title\" content=\"Marienholmi elamukvartal\" \/>\n<meta property=\"og:description\" content=\"Marienholmi poolsaarele kerkib juba l\u00e4hitulevikus kaasaaegse arhitektuuriga elamukvartal. Avarad r\u00f5dud ja kaunid vaated avanevad otse merele.\" \/>\n<meta property=\"og:url\" content=\"https:\/\/scandiumliving.ee\/tinymarienholm\/marienholmi-elamukvartal\/\" \/>\n<meta property=\"og:site_name\" content=\"Tiny Marienholm\" \/>\n<meta property=\"article:modified_time\" content=\"2024-10-18T08:45:33+00:00\" \/>\n<meta property=\"og:image\" content=\"https:\/\/scandiumliving.ee\/tinymarienholm\/wp-content\/uploads\/2024\/07\/marienholm-haapsalu-arhitektuur-scandium-kinnisvara-4-scaled.jpg\" \/>\n<meta name=\"twitter:card\" content=\"summary_large_image\" \/>\n<meta name=\"twitter:label1\" content=\"Est. reading time\" \/>\n\t<meta name=\"twitter:data1\" content=\"2 minutit\" \/>\n<script type=\"application\/ld+json\" class=\"yoast-schema-graph\">{\"@context\":\"https:\\\/\\\/schema.org\",\"@graph\":[{\"@type\":\"WebPage\",\"@id\":\"https:\\\/\\\/scandiumliving.ee\\\/tinymarienholm\\\/marienholmi-elamukvartal\\\/\",\"url\":\"https:\\\/\\\/scandiumliving.ee\\\/tinymarienholm\\\/marienholmi-elamukvartal\\\/\",\"name\":\"Marienholmi elamukvartal\",\"isPartOf\":{\"@id\":\"https:\\\/\\\/scandiumliving.ee\\\/tinymarienholm\\\/#website\"},\"primaryImageOfPage\":{\"@id\":\"https:\\\/\\\/scandiumliving.ee\\\/tinymarienholm\\\/marienholmi-elamukvartal\\\/#primaryimage\"},\"image\":{\"@id\":\"https:\\\/\\\/scandiumliving.ee\\\/tinymarienholm\\\/marienholmi-elamukvartal\\\/#primaryimage\"},\"thumbnailUrl\":\"https:\\\/\\\/scandiumliving.ee\\\/tinymarienholm\\\/wp-content\\\/uploads\\\/2024\\\/07\\\/marienholm-haapsalu-arhitektuur-scandium-kinnisvara-4-scaled.jpg\",\"datePublished\":\"2023-05-31T08:29:31+00:00\",\"dateModified\":\"2024-10-18T08:45:33+00:00\",\"description\":\"Marienholmi poolsaarele kerkib juba l\u00e4hitulevikus kaasaaegse arhitektuuriga elamukvartal. Avarad r\u00f5dud ja kaunid vaated avanevad otse merele.\",\"breadcrumb\":{\"@id\":\"https:\\\/\\\/scandiumliving.ee\\\/tinymarienholm\\\/marienholmi-elamukvartal\\\/#breadcrumb\"},\"inLanguage\":\"et\",\"potentialAction\":[{\"@type\":\"ReadAction\",\"target\":[\"https:\\\/\\\/scandiumliving.ee\\\/tinymarienholm\\\/marienholmi-elamukvartal\\\/\"]}]},{\"@type\":\"ImageObject\",\"inLanguage\":\"et\",\"@id\":\"https:\\\/\\\/scandiumliving.ee\\\/tinymarienholm\\\/marienholmi-elamukvartal\\\/#primaryimage\",\"url\":\"https:\\\/\\\/scandiumliving.ee\\\/tinymarienholm\\\/wp-content\\\/uploads\\\/2024\\\/07\\\/marienholm-haapsalu-arhitektuur-scandium-kinnisvara-4-scaled.jpg\",\"contentUrl\":\"https:\\\/\\\/scandiumliving.ee\\\/tinymarienholm\\\/wp-content\\\/uploads\\\/2024\\\/07\\\/marienholm-haapsalu-arhitektuur-scandium-kinnisvara-4-scaled.jpg\",\"width\":2560,\"height\":1440},{\"@type\":\"BreadcrumbList\",\"@id\":\"https:\\\/\\\/scandiumliving.ee\\\/tinymarienholm\\\/marienholmi-elamukvartal\\\/#breadcrumb\",\"itemListElement\":[{\"@type\":\"ListItem\",\"position\":1,\"name\":\"Home\",\"item\":\"https:\\\/\\\/scandiumliving.ee\\\/tinymarienholm\\\/\"},{\"@type\":\"ListItem\",\"position\":2,\"name\":\"Marienholmi elamukvartal\"}]},{\"@type\":\"WebSite\",\"@id\":\"https:\\\/\\\/scandiumliving.ee\\\/tinymarienholm\\\/#website\",\"url\":\"https:\\\/\\\/scandiumliving.ee\\\/tinymarienholm\\\/\",\"name\":\"Tiny Marienholm\",\"description\":\"Minivillad Haapsalus\",\"potentialAction\":[{\"@type\":\"SearchAction\",\"target\":{\"@type\":\"EntryPoint\",\"urlTemplate\":\"https:\\\/\\\/scandiumliving.ee\\\/tinymarienholm\\\/?s={search_term_string}\"},\"query-input\":{\"@type\":\"PropertyValueSpecification\",\"valueRequired\":true,\"valueName\":\"search_term_string\"}}],\"inLanguage\":\"et\"}]}<\/script>\n<!-- \/ Yoast SEO plugin. -->","yoast_head_json":{"title":"Marienholmi elamukvartal","description":"Marienholmi poolsaarele kerkib juba l\u00e4hitulevikus kaasaaegse arhitektuuriga elamukvartal. Avarad r\u00f5dud ja kaunid vaated avanevad otse merele.","robots":{"index":"index","follow":"follow","max-snippet":"max-snippet:-1","max-image-preview":"max-image-preview:large","max-video-preview":"max-video-preview:-1"},"canonical":"https:\/\/scandiumliving.ee\/tinymarienholm\/marienholmi-elamukvartal\/","og_locale":"et_EE","og_type":"article","og_title":"Marienholmi elamukvartal","og_description":"Marienholmi poolsaarele kerkib juba l\u00e4hitulevikus kaasaaegse arhitektuuriga elamukvartal. Avarad r\u00f5dud ja kaunid vaated avanevad otse merele.","og_url":"https:\/\/scandiumliving.ee\/tinymarienholm\/marienholmi-elamukvartal\/","og_site_name":"Tiny Marienholm","article_modified_time":"2024-10-18T08:45:33+00:00","og_image":[{"url":"https:\/\/scandiumliving.ee\/tinymarienholm\/wp-content\/uploads\/2024\/07\/marienholm-haapsalu-arhitektuur-scandium-kinnisvara-4-scaled.jpg","type":"","width":"","height":""}],"twitter_card":"summary_large_image","twitter_misc":{"Est. reading time":"2 minutit"},"schema":{"@context":"https:\/\/schema.org","@graph":[{"@type":"WebPage","@id":"https:\/\/scandiumliving.ee\/tinymarienholm\/marienholmi-elamukvartal\/","url":"https:\/\/scandiumliving.ee\/tinymarienholm\/marienholmi-elamukvartal\/","name":"Marienholmi elamukvartal","isPartOf":{"@id":"https:\/\/scandiumliving.ee\/tinymarienholm\/#website"},"primaryImageOfPage":{"@id":"https:\/\/scandiumliving.ee\/tinymarienholm\/marienholmi-elamukvartal\/#primaryimage"},"image":{"@id":"https:\/\/scandiumliving.ee\/tinymarienholm\/marienholmi-elamukvartal\/#primaryimage"},"thumbnailUrl":"https:\/\/scandiumliving.ee\/tinymarienholm\/wp-content\/uploads\/2024\/07\/marienholm-haapsalu-arhitektuur-scandium-kinnisvara-4-scaled.jpg","datePublished":"2023-05-31T08:29:31+00:00","dateModified":"2024-10-18T08:45:33+00:00","description":"Marienholmi poolsaarele kerkib juba l\u00e4hitulevikus kaasaaegse arhitektuuriga elamukvartal. Avarad r\u00f5dud ja kaunid vaated avanevad otse merele.","breadcrumb":{"@id":"https:\/\/scandiumliving.ee\/tinymarienholm\/marienholmi-elamukvartal\/#breadcrumb"},"inLanguage":"et","potentialAction":[{"@type":"ReadAction","target":["https:\/\/scandiumliving.ee\/tinymarienholm\/marienholmi-elamukvartal\/"]}]},{"@type":"ImageObject","inLanguage":"et","@id":"https:\/\/scandiumliving.ee\/tinymarienholm\/marienholmi-elamukvartal\/#primaryimage","url":"https:\/\/scandiumliving.ee\/tinymarienholm\/wp-content\/uploads\/2024\/07\/marienholm-haapsalu-arhitektuur-scandium-kinnisvara-4-scaled.jpg","contentUrl":"https:\/\/scandiumliving.ee\/tinymarienholm\/wp-content\/uploads\/2024\/07\/marienholm-haapsalu-arhitektuur-scandium-kinnisvara-4-scaled.jpg","width":2560,"height":1440},{"@type":"BreadcrumbList","@id":"https:\/\/scandiumliving.ee\/tinymarienholm\/marienholmi-elamukvartal\/#breadcrumb","itemListElement":[{"@type":"ListItem","position":1,"name":"Home","item":"https:\/\/scandiumliving.ee\/tinymarienholm\/"},{"@type":"ListItem","position":2,"name":"Marienholmi elamukvartal"}]},{"@type":"WebSite","@id":"https:\/\/scandiumliving.ee\/tinymarienholm\/#website","url":"https:\/\/scandiumliving.ee\/tinymarienholm\/","name":"Tiny Marienholm","description":"Minivillad Haapsalus","potentialAction":[{"@type":"SearchAction","target":{"@type":"EntryPoint","urlTemplate":"https:\/\/scandiumliving.ee\/tinymarienholm\/?s={search_term_string}"},"query-input":{"@type":"PropertyValueSpecification","valueRequired":true,"valueName":"search_term_string"}}],"inLanguage":"et"}]}},"_links":{"self":[{"href":"https:\/\/scandiumliving.ee\/tinymarienholm\/wp-json\/wp\/v2\/pages\/1175","targetHints":{"allow":["GET"]}}],"collection":[{"href":"https:\/\/scandiumliving.ee\/tinymarienholm\/wp-json\/wp\/v2\/pages"}],"about":[{"href":"https:\/\/scandiumliving.ee\/tinymarienholm\/wp-json\/wp\/v2\/types\/page"}],"author":[{"embeddable":true,"href":"https:\/\/scandiumliving.ee\/tinymarienholm\/wp-json\/wp\/v2\/users\/3"}],"replies":[{"embeddable":true,"href":"https:\/\/scandiumliving.ee\/tinymarienholm\/wp-json\/wp\/v2\/comments?post=1175"}],"version-history":[{"count":22,"href":"https:\/\/scandiumliving.ee\/tinymarienholm\/wp-json\/wp\/v2\/pages\/1175\/revisions"}],"predecessor-version":[{"id":2473,"href":"https:\/\/scandiumliving.ee\/tinymarienholm\/wp-json\/wp\/v2\/pages\/1175\/revisions\/2473"}],"wp:attachment":[{"href":"https:\/\/scandiumliving.ee\/tinymarienholm\/wp-json\/wp\/v2\/media?parent=1175"}],"curies":[{"name":"wp","href":"https:\/\/api.w.org\/{rel}","templated":true}]}}