{"id":406,"date":"2023-04-11T13:23:52","date_gmt":"2023-04-11T13:23:52","guid":{"rendered":"https:\/\/scandiumliving.ee\/tinymarienholm\/?page_id=406"},"modified":"2026-03-23T09:36:34","modified_gmt":"2026-03-23T09:36:34","slug":"tiny-marienholm-maja-eeskirjad","status":"publish","type":"page","link":"https:\/\/scandiumliving.ee\/tinymarienholm\/tiny-marienholm-maja-eeskirjad\/","title":{"rendered":"Maja eeskirjad ja soovitused"},"content":{"rendered":"\n<div class=\"wp-block-cover alignfull\" style=\"min-height:428px;aspect-ratio:unset;\"><img loading=\"lazy\" decoding=\"async\" width=\"2560\" height=\"1705\" class=\"wp-block-cover__image-background wp-image-1570\" alt=\"\" src=\"https:\/\/scandiumliving.ee\/tinymarienholm\/wp-content\/uploads\/2023\/08\/minivilla-haapsalus-tiny-marienholm-1-scaled.jpg\" style=\"object-position:51% 44%\" data-object-fit=\"cover\" data-object-position=\"51% 44%\" srcset=\"https:\/\/scandiumliving.ee\/tinymarienholm\/wp-content\/uploads\/2023\/08\/minivilla-haapsalus-tiny-marienholm-1-scaled.jpg 2560w, https:\/\/scandiumliving.ee\/tinymarienholm\/wp-content\/uploads\/2023\/08\/minivilla-haapsalus-tiny-marienholm-1-300x200.jpg 300w, https:\/\/scandiumliving.ee\/tinymarienholm\/wp-content\/uploads\/2023\/08\/minivilla-haapsalus-tiny-marienholm-1-1024x682.jpg 1024w, https:\/\/scandiumliving.ee\/tinymarienholm\/wp-content\/uploads\/2023\/08\/minivilla-haapsalus-tiny-marienholm-1-768x512.jpg 768w, https:\/\/scandiumliving.ee\/tinymarienholm\/wp-content\/uploads\/2023\/08\/minivilla-haapsalus-tiny-marienholm-1-1536x1023.jpg 1536w, https:\/\/scandiumliving.ee\/tinymarienholm\/wp-content\/uploads\/2023\/08\/minivilla-haapsalus-tiny-marienholm-1-2048x1364.jpg 2048w, https:\/\/scandiumliving.ee\/tinymarienholm\/wp-content\/uploads\/2023\/08\/minivilla-haapsalus-tiny-marienholm-1-1568x1044.jpg 1568w\" sizes=\"auto, (max-width: 2560px) 100vw, 2560px\" \/><span aria-hidden=\"true\" class=\"wp-block-cover__background has-background-dim-30 has-background-dim\"><\/span><div class=\"wp-block-cover__inner-container is-layout-flow wp-block-cover-is-layout-flow\">\n<p class=\"has-text-align-center has-large-font-size\"><\/p>\n<\/div><\/div>\n\n\n\n<h2 class=\"wp-block-heading has-text-align-center has-large-font-size\" style=\"font-style:normal;font-weight:300;letter-spacing:1px\">Tiny Marienholm eeskirjad + soovitused Haapsalus<\/h2>\n\n\n\n<p><strong>Tere tulemast Tiny Marienholmi!&nbsp;<\/strong>&nbsp;<\/p>\n\n\n\n<p>Loodame, et teie Haapsalu puhkus saab olema meeldej\u00e4\u00e4v!&nbsp;<\/p>\n\n\n\n<p>Allj\u00e4rgnevalt m\u00f5ned majareeglid ja nipid, millele soovime teie t\u00e4helepanu juhtida:&nbsp;<\/p>\n\n\n\n<ul class=\"wp-block-list\">\n<li>Auto saate mugavalt parkida etten\u00e4htud <strong>parklasse<\/strong> majade l\u00e4hedale.<\/li>\n\n\n\n<li>Tuppa p\u00e4\u00e4sete <strong>nutiluku koodiga<\/strong>. Kood saadetakse teile saabumisp\u00e4eval s\u00f5numiga.&nbsp;<\/li>\n\n\n\n<li>Palume hoida <strong>v\u00e4lisukse lahkudes ja \u00f6\u00f6sel lukus<\/strong> ning terrassile isiklikke asju mitte j\u00e4tta. Merele avatud poolsaarel v\u00f5ib esineda tugevaid tuuleiile, mis v\u00f5ivad teie asjad merre kanda.&nbsp;<\/li>\n\n\n\n<li><strong>Suitsetamine ei ole<\/strong> meie majades <strong>lubatud<\/strong>. Samuti ei ole lubatud l\u00f5kketegemine poolsaarel.&nbsp;<\/li>\n\n\n\n<li>Tuleohutuseks on majas <strong>suitsuandur<\/strong> ja <strong>tulekustuti<\/strong>. Viimane asub kraanikausi all kapis.&nbsp;<\/li>\n\n\n\n<li>Palume toas <strong>v\u00e4lisjalatseid mitte kanda<\/strong>, et p\u00f5randad s\u00e4iliksid terved ja puhtad.&nbsp;<\/li>\n\n\n\n<li>K\u00f5rvalmajas \u00f6\u00f6bib suure t\u00f5en\u00e4osusega sama toredaid inimesi kui teie. Nende t\u00f5ttu palume hoida <strong>m\u00fcrataseme<\/strong> vahemikus 23:00-8:00 minimaalse. Meie majad on m\u00f5eldud kahele inimesele. Suuremad seltskonnad ega <strong>peod ei ole siin lubatud<\/strong>.<\/li>\n\n\n\n<li><strong>V\u00e4ikelapsed ja lemmikloomad<\/strong> on meie juures <strong>oodatud<\/strong>. V\u00e4ikelastele on v\u00f5imalik tellida juurde <strong>reisivoodi koos linadega<\/strong>. <\/li>\n\n\n\n<li>Loomade puhul tuleb tasuda juurde <strong>lemmikloomatasu<\/strong>. Loomade puhul kehtib poolsaarel heakorra eeskiri nagu mujalgi Eestis \u2013 palume koera j\u00e4rel puhtust hoida, et keegi talla alt \u00fcllatusi ei leiaks \ud83d\ude42 Lemmikud meie majades voodi peale lubatud ei ole.<\/li>\n\n\n\n<li>Oleme k\u00f5igile k\u00fclalistele varunud <strong>r\u00e4tikud<\/strong>. Palume neid majast eemale (nt randa) mitte viia.&nbsp;<\/li>\n\n\n\n<li>Loomulikult teeme enne igat k\u00fclask\u00e4iku hoolika puhastuse, kuid palume ka teilt, et j\u00e4taksite lahkudes endast maha <strong>v\u00f5imalikult korras maja<\/strong>, kus\u00a0k\u00f6\u00f6gin\u00f5ud oleksid pestud v\u00f5i n\u00f5udepesumasinas.<\/li>\n\n\n\n<li><strong>Check out<\/strong> on kuni 12:00. Soovite tunnikest lisaund? K\u00fcsige palun igaks juhuks \u00fcle, kas see on v\u00f5imalik.<\/li>\n<\/ul>\n\n\n\n<p><\/p>\n\n\n\n<p><strong>M\u00f5ned nipid, kuidas majas h\u00e4sti hakkama saada:&nbsp;<\/strong><\/p>\n\n\n\n<ol start=\"1\" class=\"wp-block-list\">\n<li><strong>SAUN.<\/strong> Kui valisite saunaga minivilla, on teie k\u00e4sutuses kogu siinviibimise aja eraldi saunamaja teie villa k\u00f5rval. Selle k\u00e4ivitamine on lihtne, saun toimib elektriga. Tunniga saavutab saun sanaariumi effekti, kus saad soojas saunas kauem vaadet nautida. Kahe tunniga saad kuuma leilisauna. Sauna kasutusjuhendi leiate sauna eesruumist. Saunas vihtlemine on t\u00f5eliselt m\u00f5nus, kuid palume seda meie juures mitte teha. Koristamisega l\u00e4heb muidu arvestatust palju kauem aega :).<\/li>\n\n\n\n<li><strong>INTERNET<\/strong>. Majas on tasuta WiFi.<br>V\u00f5rgu nimi: TinyMarienholmX (x vastab teie maja numbrile)<br>Parool: ScandiumLiving&nbsp;<\/li>\n\n\n\n<li><strong>K\u00d5LAR<\/strong>. Teie kasutuses on JBL k\u00f5lar. Saate selle Bluetoothiga enda telefoniga \u00fchendada ja m\u00e4ngida oma lemmikmuusikat.&nbsp;<\/li>\n\n\n\n<li><strong>K\u00dcTE JA JAHUTUS<\/strong>. Maja <strong>k\u00fctab ja jahutab <\/strong>soojuspump. Saate seda mugavalt puldist vastavalt eelistustele juhtida, valida sobivate re\u017eiimide vahel (k\u00fcte, jahutus jms) ning soovi korral \u00fcldse v\u00e4lja l\u00fclitada.&nbsp;Soojuspumba ekraani saate soovi korral v\u00e4lja l\u00fclitada puldist.<\/li>\n\n\n\n<li><strong>N\u00d5UDEPESUMASIN<\/strong>. K\u00f6\u00f6gikapist leiate peidetult v\u00e4ikese n\u00f5udepesumasina. N\u00f5udepesumasinatableti leiate n\u00f5udepesumasina pealt. V\u00f5ite lahkudes masina sisse panna ja t\u00f6\u00f6tama j\u00e4tta.&nbsp;<\/li>\n\n\n\n<li><strong>V\u00e4litekstiilid<\/strong> t\u00f5stke palun \u00f6\u00f6seks tuppa.&nbsp;<\/li>\n\n\n\n<li><strong>UJUMINE. <\/strong>K\u00f5ige l\u00e4him v\u00f5imalus ujumiseks on Vasikaholmi liivane rand. Jalutate sinna ca 3min kesklinna suunal.&nbsp;Minivillade juures ei soovita me vette minna. Ettevaatust! Kai \u00fcmbruses juures on madal vesi!<\/li>\n\n\n\n<li>Kui postitate Instagrami, siis r\u00f5\u00f5mustame, kui m\u00e4rgite \u00e4ra ka meid<strong> @tinymarienholm<\/strong>, et saaksime teie kogemuse l\u00e4bi rohkemaid inspireerida (eeldab, et teie Instagrami konto on avalik).<\/li>\n\n\n\n<li><strong>KAMINA<\/strong> k\u00e4sitlemisel olege palun v\u00e4ga ettevaatlikud ning t\u00f5mmake kardin akna ja kamina eest eemale. \u00c4rge lisage rohkem puid kui kaminasse valmis pandud. Avage kamina peal asuv siiber &#8211; augud avatuna. S\u00fc\u00fcdake s\u00fc\u00fctetableti abiga kaminas tuli ja sulgege uks. Kamina p\u00f5lemise ajal \u00e4rge palun ust avage. Kui tuli ja s\u00f6ed kaminas on t\u00e4ielikult kustunud, sulgege siiber.<\/li>\n<\/ol>\n\n\n\n<p><\/p>\n\n\n\n<p><strong>Lisav\u00f5imalused<\/strong>&nbsp;<\/p>\n\n\n\n<p>Haapsalus on toredaid kohti, mida k\u00fclastada ja avastada. M\u00f5ned meie selle aasta lemmikud on teie ees:<\/p>\n\n\n\n<ul class=\"wp-block-list\">\n<li><strong>Parimad maitseelamused<\/strong>:&nbsp;<strong><a href=\"https:\/\/dietrich.ee\/\" target=\"_blank\" rel=\"noreferrer noopener\">Hapsal Dietrich&nbsp;kohvik-restoran<\/a>,&nbsp;<a href=\"https:\/\/www.facebook.com\/profile.php?id=100063900819633\" target=\"_blank\" rel=\"noreferrer noopener\">Wiigi kohvik<\/a>,&nbsp;<a href=\"https:\/\/www.muuriaare.ee\/\" target=\"_blank\" rel=\"noreferrer noopener\">M\u00fc\u00fcri\u00e4\u00e4re kohvik<\/a>,&nbsp;<a href=\"https:\/\/kuursaal.ee\/\" target=\"_blank\" rel=\"noreferrer noopener\">Haapsalu Kuursaal<\/a>,&nbsp;<a href=\"https:\/\/villafriedheim.ee\/kohvik\/\" target=\"_blank\" rel=\"noreferrer noopener\">Von Gernet kohvik<\/a>, <a href=\"https:\/\/www.facebook.com\/merakihaapsalu\/\" target=\"_blank\" rel=\"noreferrer noopener\">Meraki Haapsalu<\/a>, <a href=\"https:\/\/radorestoran.ee\/\" target=\"_blank\" rel=\"noreferrer noopener\">Rado Restoran<\/a><\/strong><\/li>\n<\/ul>\n\n\n\n<ul class=\"wp-block-list\">\n<li><strong>Suplemine<\/strong>: Paralepa rand, Vasikaholmi rand, V\u00e4ikse viigi rand<\/li>\n<\/ul>\n\n\n\n<ul class=\"wp-block-list\">\n<li><strong>Aktiivne puhkus<\/strong>:&nbsp;<strong><a href=\"https:\/\/www.spordibaasid.ee\/et\/krahviaia-tennisekeskus\" target=\"_blank\" rel=\"noreferrer noopener\">Krahviaia Tennisekeskus<\/a>,&nbsp;<a href=\"https:\/\/haapsalupadel.ee\/\" target=\"_blank\" rel=\"noreferrer noopener\">Haapsalu Padel<\/a>, <a href=\"https:\/\/www.haapsaluseikluspark.ee\/\" target=\"_blank\" rel=\"noreferrer noopener\">Haapsalu Seikluspark<\/a>,&nbsp;<a href=\"https:\/\/360.ee\/matkad\/haapsalus\/\" target=\"_blank\" rel=\"noreferrer noopener\">Kajakimatk Haapsalu lahel<\/a>,&nbsp;<a href=\"https:\/\/www.facebook.com\/haapsaluveetakso\/\" target=\"_blank\" rel=\"noreferrer noopener\">Veetakso Noarootsi poolsaarele<\/a>,&nbsp;<a href=\"https:\/\/www.puhkaeestis.ee\/et\/paadilaenutus-haapsalu-promenaadil\" target=\"_blank\" rel=\"noreferrer noopener\">Paadilaenutus Haapsalu promenaadil<\/a>, <a href=\"https:\/\/www.spordibaasid.ee\/et\" target=\"_blank\" rel=\"noreferrer noopener\">Haapsalu Spordikeskus<\/a><\/strong><\/li>\n<\/ul>\n\n\n\n<ul class=\"wp-block-list\">\n<li><strong>Tervis<\/strong>:&nbsp;<strong><a href=\"https:\/\/www.hestiahotels.com\/haapsaluspa\/vee-ja-saunaspaa\/\" target=\"_blank\" rel=\"noreferrer noopener\">Hestia Hotel Haapsalu Spa<\/a>, <a href=\"https:\/\/www.framare.ee\/\">F<\/a><a href=\"https:\/\/www.framare.ee\/\" target=\"_blank\" rel=\"noreferrer noopener\">ra Mare Thalasso Spa<\/a><\/strong><\/li>\n<\/ul>\n\n\n\n<ul class=\"wp-block-list\">\n<li><strong>Vihmase p\u00e4eva m\u00f5tted<\/strong>:&nbsp;<strong><a href=\"https:\/\/linnus.salm.ee\/\" target=\"_blank\" rel=\"noreferrer noopener\">Haapsalu linnus<\/a>,&nbsp;<a href=\"https:\/\/salm.ee\/haapsalu-raekoda\/\" target=\"_blank\" rel=\"noreferrer noopener\">Haapsalu raekoda<\/a>,&nbsp;<a href=\"https:\/\/salm.ee\/iloni-imedemaa\/\" target=\"_blank\" rel=\"noreferrer noopener\">Iloni Imedemaa<\/a>,&nbsp;<a href=\"https:\/\/www.facebook.com\/eppmariagalerii\/\" target=\"_blank\" rel=\"noreferrer noopener\">Epp Maria Galerii<\/a>,&nbsp;<a href=\"https:\/\/salm.ee\/raudtee-ja-sidemuuseum\/\" target=\"_blank\" rel=\"noreferrer noopener\">Raudtee- ja sidemuuseum<\/a><\/strong><\/li>\n<\/ul>\n\n\n\n<p><\/p>\n\n\n\n<p><strong>Hommikus\u00f6\u00f6gi v\u00f5imalused&nbsp;<\/strong><\/p>\n\n\n\n<ul class=\"wp-block-list\">\n<li>Minivillas on teie k\u00e4sutuses <strong>valik s\u00f6\u00f6gitegemisvahendeid<\/strong>&nbsp; \u2013 pliidi ja potid-pannid leiate k\u00f6\u00f6gikapist, samuti soola, pipra ja kohvikapslid koos Nespresso masinaga. Hommikus\u00f6\u00f6ki me kahjuks ei paku, seega toiduained s\u00f6\u00f6gi valmistamiseks valige enda lemmikute seast julgelt ise kaasa!&nbsp;<\/li>\n\n\n\n<li>M\u00f5nusat hommikueinet serveerib n\u00e4iteks ka Hestia hotell v\u00f5i kohvik Wiigi \u00e4\u00e4res. Soovitame ette helistada, kas neil on vabu kohti ja kas nad on teie peatumise ajal avatud.&nbsp;<\/li>\n<\/ul>\n\n\n\n<p><\/p>\n\n\n\n<p><strong>Tulekahju v\u00f5i muu \u00f5nnetuse korral helistage 112.<\/strong>&nbsp;<\/p>\n\n\n\n<p><strong>Murede korral helistage v\u00f5i saatke palun s\u00f5num ja katsume \u00fchiselt lahenduse leida: +372 55680676.<\/strong>&nbsp;<\/p>\n\n\n\n<p>Kaunist puhkust!&nbsp;<\/p>\n\n\n\n<p><em>Tiny Marienholm!<\/em><\/p>\n\n\n\n<div style=\"height:25px\" aria-hidden=\"true\" class=\"wp-block-spacer\"><\/div>\n","protected":false},"excerpt":{"rendered":"<p>Tiny Marienholm eeskirjad + soovitused Haapsalus Tere tulemast Tiny Marienholmi!&nbsp;&nbsp; Loodame, et teie Haapsalu puhkus saab olema meeldej\u00e4\u00e4v!&nbsp; Allj\u00e4rgnevalt m\u00f5ned majareeglid ja nipid, millele soovime teie t\u00e4helepanu juhtida:&nbsp; M\u00f5ned nipid, kuidas majas h\u00e4sti hakkama saada:&nbsp; Lisav\u00f5imalused&nbsp; Haapsalus on toredaid kohti, mida k\u00fclastada ja avastada. M\u00f5ned meie selle aasta lemmikud on teie ees: Hommikus\u00f6\u00f6gi v\u00f5imalused&nbsp; Tulekahju [&hellip;]<\/p>\n","protected":false},"author":3,"featured_media":0,"parent":0,"menu_order":0,"comment_status":"closed","ping_status":"closed","template":"","meta":{"inline_featured_image":false,"footnotes":""},"class_list":["post-406","page","type-page","status-publish","hentry"],"yoast_head":"<!-- This site is optimized with the Yoast SEO plugin v26.7 - https:\/\/yoast.com\/wordpress\/plugins\/seo\/ -->\n<title>Tiny Marienholm eeskirjad. Soovitused Haapsalus<\/title>\n<meta name=\"description\" content=\"Siit leiate maja juhised, et teie \u00f6\u00f6bimine Tiny Marienholmis oleks igati mugav. Lisaks leiate siit soovitusi tegevusteks Haapsalus\" \/>\n<meta name=\"robots\" content=\"index, follow, max-snippet:-1, max-image-preview:large, max-video-preview:-1\" \/>\n<link rel=\"canonical\" href=\"https:\/\/scandiumliving.ee\/tinymarienholm\/tiny-marienholm-maja-eeskirjad\/\" \/>\n<meta property=\"og:locale\" content=\"et_EE\" \/>\n<meta property=\"og:type\" content=\"article\" \/>\n<meta property=\"og:title\" content=\"Tiny Marienholm eeskirjad. Soovitused Haapsalus\" \/>\n<meta property=\"og:description\" content=\"Siit leiate maja juhised, et teie \u00f6\u00f6bimine Tiny Marienholmis oleks igati mugav. Lisaks leiate siit soovitusi tegevusteks Haapsalus\" \/>\n<meta property=\"og:url\" content=\"https:\/\/scandiumliving.ee\/tinymarienholm\/tiny-marienholm-maja-eeskirjad\/\" \/>\n<meta property=\"og:site_name\" content=\"Tiny Marienholm\" \/>\n<meta property=\"article:modified_time\" content=\"2026-03-23T09:36:34+00:00\" \/>\n<meta property=\"og:image\" content=\"https:\/\/scandiumliving.ee\/tinymarienholm\/wp-content\/uploads\/2023\/08\/minivilla-haapsalus-tiny-marienholm-1-scaled.jpg\" \/>\n\t<meta property=\"og:image:width\" content=\"2560\" \/>\n\t<meta property=\"og:image:height\" content=\"1705\" \/>\n\t<meta property=\"og:image:type\" content=\"image\/jpeg\" \/>\n<meta name=\"twitter:card\" content=\"summary_large_image\" \/>\n<meta name=\"twitter:label1\" content=\"Est. reading time\" \/>\n\t<meta name=\"twitter:data1\" content=\"4 minutit\" \/>\n<script type=\"application\/ld+json\" class=\"yoast-schema-graph\">{\"@context\":\"https:\/\/schema.org\",\"@graph\":[{\"@type\":\"WebPage\",\"@id\":\"https:\/\/scandiumliving.ee\/tinymarienholm\/tiny-marienholm-maja-eeskirjad\/\",\"url\":\"https:\/\/scandiumliving.ee\/tinymarienholm\/tiny-marienholm-maja-eeskirjad\/\",\"name\":\"Tiny Marienholm eeskirjad. Soovitused Haapsalus\",\"isPartOf\":{\"@id\":\"https:\/\/scandiumliving.ee\/tinymarienholm\/#website\"},\"primaryImageOfPage\":{\"@id\":\"https:\/\/scandiumliving.ee\/tinymarienholm\/tiny-marienholm-maja-eeskirjad\/#primaryimage\"},\"image\":{\"@id\":\"https:\/\/scandiumliving.ee\/tinymarienholm\/tiny-marienholm-maja-eeskirjad\/#primaryimage\"},\"thumbnailUrl\":\"https:\/\/scandiumliving.ee\/tinymarienholm\/wp-content\/uploads\/2023\/08\/minivilla-haapsalus-tiny-marienholm-1-scaled.jpg\",\"datePublished\":\"2023-04-11T13:23:52+00:00\",\"dateModified\":\"2026-03-23T09:36:34+00:00\",\"description\":\"Siit leiate maja juhised, et teie \u00f6\u00f6bimine Tiny Marienholmis oleks igati mugav. Lisaks leiate siit soovitusi tegevusteks Haapsalus\",\"breadcrumb\":{\"@id\":\"https:\/\/scandiumliving.ee\/tinymarienholm\/tiny-marienholm-maja-eeskirjad\/#breadcrumb\"},\"inLanguage\":\"et\",\"potentialAction\":[{\"@type\":\"ReadAction\",\"target\":[\"https:\/\/scandiumliving.ee\/tinymarienholm\/tiny-marienholm-maja-eeskirjad\/\"]}]},{\"@type\":\"ImageObject\",\"inLanguage\":\"et\",\"@id\":\"https:\/\/scandiumliving.ee\/tinymarienholm\/tiny-marienholm-maja-eeskirjad\/#primaryimage\",\"url\":\"https:\/\/scandiumliving.ee\/tinymarienholm\/wp-content\/uploads\/2023\/08\/minivilla-haapsalus-tiny-marienholm-1-scaled.jpg\",\"contentUrl\":\"https:\/\/scandiumliving.ee\/tinymarienholm\/wp-content\/uploads\/2023\/08\/minivilla-haapsalus-tiny-marienholm-1-scaled.jpg\",\"width\":2560,\"height\":1705},{\"@type\":\"BreadcrumbList\",\"@id\":\"https:\/\/scandiumliving.ee\/tinymarienholm\/tiny-marienholm-maja-eeskirjad\/#breadcrumb\",\"itemListElement\":[{\"@type\":\"ListItem\",\"position\":1,\"name\":\"Home\",\"item\":\"https:\/\/scandiumliving.ee\/tinymarienholm\/\"},{\"@type\":\"ListItem\",\"position\":2,\"name\":\"Maja eeskirjad ja soovitused\"}]},{\"@type\":\"WebSite\",\"@id\":\"https:\/\/scandiumliving.ee\/tinymarienholm\/#website\",\"url\":\"https:\/\/scandiumliving.ee\/tinymarienholm\/\",\"name\":\"Tiny Marienholm\",\"description\":\"Minivillad Haapsalus\",\"potentialAction\":[{\"@type\":\"SearchAction\",\"target\":{\"@type\":\"EntryPoint\",\"urlTemplate\":\"https:\/\/scandiumliving.ee\/tinymarienholm\/?s={search_term_string}\"},\"query-input\":{\"@type\":\"PropertyValueSpecification\",\"valueRequired\":true,\"valueName\":\"search_term_string\"}}],\"inLanguage\":\"et\"}]}<\/script>\n<!-- \/ Yoast SEO plugin. -->","yoast_head_json":{"title":"Tiny Marienholm eeskirjad. Soovitused Haapsalus","description":"Siit leiate maja juhised, et teie \u00f6\u00f6bimine Tiny Marienholmis oleks igati mugav. Lisaks leiate siit soovitusi tegevusteks Haapsalus","robots":{"index":"index","follow":"follow","max-snippet":"max-snippet:-1","max-image-preview":"max-image-preview:large","max-video-preview":"max-video-preview:-1"},"canonical":"https:\/\/scandiumliving.ee\/tinymarienholm\/tiny-marienholm-maja-eeskirjad\/","og_locale":"et_EE","og_type":"article","og_title":"Tiny Marienholm eeskirjad. Soovitused Haapsalus","og_description":"Siit leiate maja juhised, et teie \u00f6\u00f6bimine Tiny Marienholmis oleks igati mugav. Lisaks leiate siit soovitusi tegevusteks Haapsalus","og_url":"https:\/\/scandiumliving.ee\/tinymarienholm\/tiny-marienholm-maja-eeskirjad\/","og_site_name":"Tiny Marienholm","article_modified_time":"2026-03-23T09:36:34+00:00","og_image":[{"width":2560,"height":1705,"url":"https:\/\/scandiumliving.ee\/tinymarienholm\/wp-content\/uploads\/2023\/08\/minivilla-haapsalus-tiny-marienholm-1-scaled.jpg","type":"image\/jpeg"}],"twitter_card":"summary_large_image","twitter_misc":{"Est. reading time":"4 minutit"},"schema":{"@context":"https:\/\/schema.org","@graph":[{"@type":"WebPage","@id":"https:\/\/scandiumliving.ee\/tinymarienholm\/tiny-marienholm-maja-eeskirjad\/","url":"https:\/\/scandiumliving.ee\/tinymarienholm\/tiny-marienholm-maja-eeskirjad\/","name":"Tiny Marienholm eeskirjad. Soovitused Haapsalus","isPartOf":{"@id":"https:\/\/scandiumliving.ee\/tinymarienholm\/#website"},"primaryImageOfPage":{"@id":"https:\/\/scandiumliving.ee\/tinymarienholm\/tiny-marienholm-maja-eeskirjad\/#primaryimage"},"image":{"@id":"https:\/\/scandiumliving.ee\/tinymarienholm\/tiny-marienholm-maja-eeskirjad\/#primaryimage"},"thumbnailUrl":"https:\/\/scandiumliving.ee\/tinymarienholm\/wp-content\/uploads\/2023\/08\/minivilla-haapsalus-tiny-marienholm-1-scaled.jpg","datePublished":"2023-04-11T13:23:52+00:00","dateModified":"2026-03-23T09:36:34+00:00","description":"Siit leiate maja juhised, et teie \u00f6\u00f6bimine Tiny Marienholmis oleks igati mugav. Lisaks leiate siit soovitusi tegevusteks Haapsalus","breadcrumb":{"@id":"https:\/\/scandiumliving.ee\/tinymarienholm\/tiny-marienholm-maja-eeskirjad\/#breadcrumb"},"inLanguage":"et","potentialAction":[{"@type":"ReadAction","target":["https:\/\/scandiumliving.ee\/tinymarienholm\/tiny-marienholm-maja-eeskirjad\/"]}]},{"@type":"ImageObject","inLanguage":"et","@id":"https:\/\/scandiumliving.ee\/tinymarienholm\/tiny-marienholm-maja-eeskirjad\/#primaryimage","url":"https:\/\/scandiumliving.ee\/tinymarienholm\/wp-content\/uploads\/2023\/08\/minivilla-haapsalus-tiny-marienholm-1-scaled.jpg","contentUrl":"https:\/\/scandiumliving.ee\/tinymarienholm\/wp-content\/uploads\/2023\/08\/minivilla-haapsalus-tiny-marienholm-1-scaled.jpg","width":2560,"height":1705},{"@type":"BreadcrumbList","@id":"https:\/\/scandiumliving.ee\/tinymarienholm\/tiny-marienholm-maja-eeskirjad\/#breadcrumb","itemListElement":[{"@type":"ListItem","position":1,"name":"Home","item":"https:\/\/scandiumliving.ee\/tinymarienholm\/"},{"@type":"ListItem","position":2,"name":"Maja eeskirjad ja soovitused"}]},{"@type":"WebSite","@id":"https:\/\/scandiumliving.ee\/tinymarienholm\/#website","url":"https:\/\/scandiumliving.ee\/tinymarienholm\/","name":"Tiny Marienholm","description":"Minivillad Haapsalus","potentialAction":[{"@type":"SearchAction","target":{"@type":"EntryPoint","urlTemplate":"https:\/\/scandiumliving.ee\/tinymarienholm\/?s={search_term_string}"},"query-input":{"@type":"PropertyValueSpecification","valueRequired":true,"valueName":"search_term_string"}}],"inLanguage":"et"}]}},"_links":{"self":[{"href":"https:\/\/scandiumliving.ee\/tinymarienholm\/wp-json\/wp\/v2\/pages\/406","targetHints":{"allow":["GET"]}}],"collection":[{"href":"https:\/\/scandiumliving.ee\/tinymarienholm\/wp-json\/wp\/v2\/pages"}],"about":[{"href":"https:\/\/scandiumliving.ee\/tinymarienholm\/wp-json\/wp\/v2\/types\/page"}],"author":[{"embeddable":true,"href":"https:\/\/scandiumliving.ee\/tinymarienholm\/wp-json\/wp\/v2\/users\/3"}],"replies":[{"embeddable":true,"href":"https:\/\/scandiumliving.ee\/tinymarienholm\/wp-json\/wp\/v2\/comments?post=406"}],"version-history":[{"count":49,"href":"https:\/\/scandiumliving.ee\/tinymarienholm\/wp-json\/wp\/v2\/pages\/406\/revisions"}],"predecessor-version":[{"id":2913,"href":"https:\/\/scandiumliving.ee\/tinymarienholm\/wp-json\/wp\/v2\/pages\/406\/revisions\/2913"}],"wp:attachment":[{"href":"https:\/\/scandiumliving.ee\/tinymarienholm\/wp-json\/wp\/v2\/media?parent=406"}],"curies":[{"name":"wp","href":"https:\/\/api.w.org\/{rel}","templated":true}]}}